 + 808. What is b(-6)?
4
Let p(v) = 261*v + 5209. Give p(-23).
-794
Let l(u) = 43253*u**2 + 216380*u + 4. Calculate l(-5).
-571
Let v(p) = -8227*p**2 - 32921*p + 34. Determine v(-4).
86
Let u(y) = -y**3 - 1228*y**2 - 4853*y + 193. What is u(-4)?
21
Let r(x) = 1335*x + 5204. Calculate r(-4).
-136
Let d(w) = -14*w**2 - 234*w + 320. What is d(-18)?
-4
Let z(w) = -90*w**2 + 147*w + 579. Calculate z(-4).
-1449
Let u(f) = -4*f**2 + 715*f - 9844. Determine u(15).
-19
Let g(b) = -5292*b - 492173. Calculate g(-93).
-17
Let g(v) = -8*v**2 - 8817*v + 16552. Determine g(-1104).
-8
Let d(x) = -1882*x - 528977. What is d(-281)?
-135
Let s(d) = -3*d**3 + 374*d**2 + 131*d - 850. What is s(125)?
-100
Let j(y) = -13481*y + 593141. Determine j(44).
-23
Let x(y) = -5*y**3 - 8*y**2 + 1026*y + 317. Calculate x(-15).
2
Let u(y) = -y**3 + 12*y**2 - 62773*y + 250960. Calculate u(4).
-4
Let f(u) = 1524*u + 188785. What is f(-124)?
-191
Let n(o) = o**3 - 26*o**2 + 1325*o - 25696. What is n(21)?
-76
Let p(t) = -2*t**2 - 40*t + 18570. Give p(87).
-48
Let m(h) = 6321*h + 151670. Calculate m(-24).
-34
Let p(f) = 2352*f + 7221. Determine p(-3).
165
Let o(p) = -p**3 - 53*p**2 + 2720*p + 143870. What is o(-54)?
-94
Let m(o) = -2*o**2 + 251*o + 8892. Determine m(-29).
-69
Let s(u) = 5*u**3 + 2349*u**2 - 5190*u + 520. Give s(-472).
-424
Let r(q) = 23847*q - 476945. Calculate r(20).
-5
Let j(b) = -872*b + 167199. Calculate j(192).
-225
Let n(x) = 2*x**3 + 283*x**2 + 424*x + 346. Determine n(-140).
-214
Let z(l) = -9120*l + 647506. Calculate z(71).
-14
Let b(n) = 4*n**2 + 369*n - 2331. Calculate b(6).
27
Let l(h) = -h**2 + 5646*h - 920303. What is l(168)?
1
Let b(g) = -183*g**3 - 4760*g**2 - 41*g + 274. Give b(-26).
-12
Let a(t) = 485*t - 18541. Calculate a(39).
374
Let t(p) = -93*p**2 - 736*p + 23. What is t(-8)?
-41
Let o(n) = -146*n**3 - 1167*n**2 + 15*n + 55. Determine o(-8).
-1
Let r(k) = 21*k**3 - 193*k**2 + 15*k + 5. Give r(9).
-184
Let u(g) = -g**2 - 9687*g + 457469. What is u(47)?
-29
Let z(p) = -2*p**2 + 175*p - 574. Give z(84).
14
Let p(j) = -40*j**2 - 218*j - 95. Give p(-5).
-5
Let p(d) = 13*d**2 - 203*d - 818. Determine p(-4).
202
Let b(p) = 34*p**2 + 51*p + 19. Give b(-4).
359
Let n(d) = -11919*d + 3802159. Determine n(319).
-2
Let l(o) = -22*o**2 - 2219*o - 16417. Calculate l(-8).
-73
Let v(x) = -x**3 + 8*x**2 + 35*x - 584. Give v(8).
-304
Let d(q) = 70*q**2 + 983*q + 2918. Determine d(-10).
88
Let h(i) = -55*i + 45393. What is h(826)?
-37
Let f(k) = 4266*k + 24627. Give f(-6).
-969
Let p(f) = 349*f**2 - 322*f - 21. Give p(1).
6
Let r(d) = -11*d**2 + 18309*d + 73426. What is r(-4)?
14
Let i(j) = -198*j**2 + 3176*j - 114. Determine i(16).
14
Let q(l) = 3520*l - 3500. Determine q(1).
20
Let i(o) = 2*o**3 + 18*o**2 - 175*o - 1434. Give i(-11).
7
Let j(u) = 87*u**2 + 510*u - 1552. Give j(3).
761
Let r(p) = 1257680*p + 22638243. Calculate r(-18).
3
Let c(q) = 48*q**2 + 42*q - 271. What is c(4)?
665
Let d(t) = -7*t**2 + 383*t + 2929. Determine d(-7).
-95
Let g(z) = 1038*z + 15406. Calculate g(-16).
-1202
Let t(m) = 3*m**2 - 1088*m + 32219. Determine t(33).
-418
Let r(o) = 106863*o + 5022513. Calculate r(-47).
-48
Let u(w) = -2*w**2 + 268*w + 2306. Determine u(142).
34
Let c(z) = 476*z - 4450. Calculate c(10).
310
Let k(n) = 13*n**3 - 305*n**2 - 168*n - 36. Give k(24).
-36
Let l(t) = 52038*t + 2445778. What is l(-47)?
-8
Let i(o) = -o**2 - 748*o - 94816. What is i(-162)?
116
Let u(d) = 107*d**2 - 13908*d + 640. Determine u(130).
900
Let s(g) = -1939*g**2 - 3496*g. Give s(-2).
-764
Let j(k) = -1610*k - 505556. Calculate j(-314).
-16
Let u(q) = -24015*q + 264167. What is u(11)?
2
Let f(t) = 131*t**2 + 76*t - 401. What is f(3)?
1006
Let m(v) = -6*v**2 - 1017*v - 2446. What is m(-167)?
59
Let h(q) = -305*q**2 - 261*q + 44. Give h(-1).
0
Let k(o) = -3264*o + 12438. Determine k(5).
-3882
Let x(m) = -35*m**3 + 3*m**2 - 95*m + 92. What is x(1)?
-35
Let b(g) = -11*g**2 + 3490*g + 10593. Determine b(-3).
24
Let l(j) = j**3 - 50*j**2 - 851*j - 13665. Give l(66).
-135
Let c(t) = -t**2 - 62*t - 1287. Determine c(0).
-1287
Let o(b) = -462*b**2 + 3726*b - 43. Calculate o(8).
197
Let p(f) = -2*f**2 + 2508*f - 136465. What is p(57)?
-7
Let w(u) = -u**3 + 34*u**2 - 156*u - 2240. What is w(23)?
-9
Let b(z) = -18*z**3 + 113*z**2 + 748*z - 4662. Determine b(6).
6
Let x(z) = -z**3 + 222*z**2 - 120*z - 22310. Determine x(221).
11
Let o(y) = -9407*y - 112921. Determine o(-12).
-37
Let v(s) = 3*s**2 + 112*s + 802. Give v(-14).
-178
Let u(c) = 3*c**2 - 25805*c + 206262. What is u(8)?
14
Let i(f) = f**3 - 917*f**2 - 2047*f + 192071. Calculate i(919).
0
Let f(l) = 8*l + 339. Give f(-56).
-109
Let r(d) = 9*d**3 + 24*d**2 + 35*d + 64. Give r(-2).
18
Let y(b) = 14*b**3 - 402*b**2 - 112*b + 2. Calculate y(29).
118
Let v(w) = -w**3 + 12*w**2 - 48*w - 17. Give v(12).
-593
Let q(w) = -3*w**3 + w**2 + 11*w - 1. What is q(-5)?
344
Let j(z) = 728*z - 102640. Calculate j(142).
736
Let f(t) = t**3 - 17*t**2 - 78*t + 1568. Give f(16).
64
Let p(n) = n**2 - 133*n + 2798. Calculate p(107).
16
Let i(l) = -l**3 - 2*l**2 + 28*l - 22. Give i(-7).
27
Let n(d) = 33419*d + 233698. Give n(-7).
-235
Let d(q) = 127*q + 4012. Give d(-36).
-560
Let s(b) = -61372*b + 552500. Determine s(9).
152
Let z(r) = -r**2 - 38896*r - 1864696. Calculate z(-48).
8
Let c(m) = -851*m - 4517. Give c(-6).
589
Let h(a) = 2*a**3 - 22*a**2 + 52*a - 420. Calculate h(7).
-448
Let c(n) = 267984*n - 268089. Give c(1).
-105
Let z(g) = 59384*g - 178151. What is z(3)?
1
Let m(v) = -39735*v**2 - 39721*v + 5. What is m(-1)?
-9
Let y(u) = -408*u - 67232. Give y(-162).
-1136
Let d(t) = -t**2 - 40481*t - 445169. What is d(-11)?
1
Let t(p) = -57*p + 11272. What is t(202)?
-242
Let b(k) = -2*k**3 + 12*k**2 - 328*k + 1561. What is b(5)?
-29
Let u(x) = -x**3 + 54*x**2 - 355*x - 673. Give u(46).
-75
Let c(o) = -70*o + 2044. Determine c(23).
434
Let u(v) = -v**3 + 41*v**2 - 112*v + 17. Give u(35).
3447
Let v(b) = -b**2 + 1783*b + 32285. What is v(-18)?
-133
Let g(b) = 6665*b + 52543. Calculate g(-8).
-777
Let x(s) = 59925*s - 360551. Give x(6).
-1001
Let n(k) = -3*k**2 - 1521*k - 16580. Give n(-11).
-212
Let q(w) = -w**3 - 286*w**2 - 19738*w - 3067. What is q(-170)?
-7
Let r(a) = a**3 + 199*a**2 + 2532*a - 10813. What is r(-185)?
-83
Let u(h) = -h**3 - 7*h**2 - 446*h - 2173. Calculate u(-5).
7
Let y(k) = 5*k**3 + 600*k**2 + 113. Determine y(-120).
113
Let m(q) = 131545*q - 789306. Give m(6).
-36
Let x(j) = 6*j**3 + 27*j**2 + 1887*j + 1861. What is x(-1)?
-5
Let s(t) = -4*t**3 - 54*t**2 + 1191*t + 16263. Calculate s(-14).
-19
Let h(x) = -x**3 + 45*x**2 + 2534*x - 43. Give h(-32).
-2283
Let k(h) = 8*h**2 + 264*h + 230. What is k(-39)?
2102
Let q(r) = 185760*r + 557682. What is q(-3)?
402
Let k(p) = 2*p**3 + 32*p**2 + 157*p + 2409. Determine k(-21).
-5298
Let y(n) = 829*n - 47379. Calculate y(57).
-126
Let k(v) = 407*v + 36241. Determine k(-89).
18
Let z(g) = -g**2 + 44437*g + 133305. Determine z(-3).
-15
Let f(p) = -60*p**2 + 15705*p - 73218. Calculate f(257).
27
Let v(w) = 16*w**2 + 1112*w - 1797. Determine v(-71).
-93
Let b(q) = q**3 + 11*q**2 + 813*q + 11278. Give b(-13).
371
Let a(u) = -2082*u + 56197. What is a(27)?
-17
Let q(z) = -z**3 - 365*z**2 + 10162*z + 86. What is q(26)?
-18
Let z(j) = -1469*j - 156529. Determine z(-106).
-815
Let k(y) = -17*y**2 - 3034*y - 4131. Give k(-177).
294
Let u(w) = -13546*w + 81309. Give u(6).
33
Let b(f) = -3*f**3 + 21*f**2 + 33*f - 293. Give b(6).
13
Let u(b) = -2*b**3 + 36*b**2 - 137*b + 74. Calculate u(13).
-17
Let r(z) = -131900*z - 10156311. Give r(-77).
-11
Let t(v) = v**3 + 235*v**2 - 12615*v - 3890. What is t(-280)?
310
Let i(x) = 171*x - 4701. Give i(22).
-939
Let r(k) = 10*k**2 + 9019*k + 26123. Determine r(-899).
52
Let t(r) = 129*r - 9965. Determine t(78).
97
Let p(z) = 273*z**2 + 6827*z + 37. What is p(-25)?
-13
Let h(n) = 16*n**2 - 506*n + 132. What is h(18)?
-3792
Let g(f) = 58010*f + 6091063. Calculate g(-105).
13
Let d(q) = -85*q**2 + 46*q + 747. What is d(3)?
120
Let l(v) = -2703*v - 129923. Give l(-48).
-179
Let j(r) = 138340*r - 18260863. Calculate j(132).
17
Let u(j) = 2694*j + 21672. Determine u(-8).
120
Let h(r) = r**2 - 2140*r + 1086620. Calculate h(829).
-199
Let w(q) = 2678*q - 21336. What is w(8)?